
5
Let q(r) be the first derivative of -17*r**3/3 + 7*r**2/2 - 7*r + 5. Let c(o) = -9*o**2 + 4*o - 4. Let s(m) = 7*c(m) - 4*q(m). What is s(-1)?
5
Let h be (-2)/8 + 2/8. Suppose 0 = -2*f - h*f - 8. Let z(r) = -r - 2. Let q(i) = -i - 2. Let c(m) = -2*q(m) + 3*z(m). Give c(f).
2
Let i(l) = -3*l + 3. Let r be i(3). Let m(z) = 6*z + z**3 - 37 + 75 + 7*z**2 - 37. Determine m(r).
1
Suppose 0 = -h + 2*q + 3 + 16, 32 = 3*h - q. Let r = -10 + h. Let x(l) = 14*l**2. Determine x(r).
14
Let a be 8/6*84/8. Suppose 0 = -h - 3*z + a, -5*z = -5*h + 5 - 15. Let q(k) = -1 + h + k**2 + 3*k - 5. What is q(-5)?
6
Suppose 4*s + z = 22, -s - 3*z + 2*z + 4 = 0. Let k(w) = w**3 - 7*w**2 + 4*w + 6. Determine k(s).
-6
Suppose -8 + 39 = -4*m - 5*s, 4*m - 2*s = -10. Let q(d) = 4 + 2*d**2 - 3*d**2 - 3*d - 2. Let w be q(m). Let y(u) = -u**2 - 2*u - 1. Determine y(w).
-1
Let x(o) = 2*o + 4. Let h(i) = i**2 + 7*i + 6. Let n be h(-6). Let b(d) = -d**2 - d + 3. Let t be b(n). Let y(v) = v + 1. Let f(r) = t*y(r) - x(r). Give f(-1).
-2
Suppose h - 12 = -3*h. Suppose 0 = 3*q - 4*q. Let l(w) = q - 3 - w**2 + 4. What is l(h)?
-8
Suppose -6*q + 3*q + 9 = 0. Suppose 5*g + h + 5 = 0, -q*g + h + 4*h - 31 = 0. Let f(b) = b**3 + 5*b**2 + b - 1. Calculate f(g).
9
Let m(x) = x**2 + 5*x + 6. Let j(o) be the first derivative of -o**2/2 - 2*o + 4. Let l be j(4). What is m(l)?
12
Let s(b) = -5*b - 5. Let k(p) = -p. Let y(t) = 2*k(t) - s(t). Suppose 3*o + 0 - 54 = 0. Suppose 4*j - d + o = 0, 0 = -d + 2. Calculate y(j).
-7
Let j(d) = -2*d**3 + 9*d**2 - d - 4. Let v(l) = -l**3 + 5*l**2 - l - 2. Let m(t) = -2*j(t) + 5*v(t). What is m(6)?
16
Let l(u) be the first derivative of -3*u**2/2 - 3*u - 6. Calculate l(-4).
9
Let c(t) be the first derivative of -1/2*t**2 + 3 - 11*t. Calculate c(-8).
-3
Let q(r) = -r. Let y(w) = 8*w. Let o(c) = 22*q(c) + 2*y(c). What is o(-2)?
12
Let i(t) be the third derivative of t**5/60 - t**4/4 - 7*t**3/6 + 4*t**2. Let r be i(7). Let q(j) = j + r - 4 + 3. Give q(3).
2
Let z(v) = -4 - 2 - v + 5 - 3. What is z(-3)?
-1
Let g(w) be the third derivative of -w**5/60 - w**4/12 + w**3/2 + w**2. Let j(o) = -2*o**2 + 4*o - 2. Let v be j(3). Let t be -1*3*v/(-6). Determine g(t).
-5
Let i(j) = -2*j**3 - 3*j**2 + 5. Let a(l) = 5*l**3 + 6*l**2 - 11. Let o(r) = 3*a(r) + 7*i(r). Suppose 0 = -4*z + z - 6. Let x be (-3 - 0)*2/z. What is o(x)?
2
Let i(d) = d**3 + 8*d**2 - d - 9. Let k be i(-8). Let j = -4 - k. Let r(b) be the second derivative of -b**5/20 - b**4/4 + b**3/3 - b**2/2 - 2*b. Give r(j).
-7
Let q(b) = 4*b - 2. Let c(w) = -9*w + 3. Let o(h) = -2*c(h) - 5*q(h). Let s be o(5). Let y(n) = 2*n**2 - n + 7*n - n**2. Give y(s).
0
Let v(i) be the first derivative of i**3/3 - 11*i**2/2 + 11*i - 48. Determine v(9).
-7
Let k(g) = -10*g + 5*g - 9*g - 1. What is k(-1)?
13
Let r = -4 + 4. Let a be (-3)/6*r/(-1). Suppose -3*d - 1 + 7 = a. Let n(x) = -2*x**3 + x**2 + 2*x. Give n(d).
-8
Let u be (3 + 0)*4/6. Let m(c) = -3*c**u + 2*c**2 - 28*c + 1 + 30*c. Calculate m(2).
1
Suppose -f - 11 = 4*l, l + l + 28 = 4*f. Let d(r) = 5*r + r + 4 - f. Let z(a) = 24*a - 4. Let v(s) = 9*d(s) - 2*z(s). Calculate v(2).
11
Let d(p) = -7 - 4*p**2 + 32*p + 5*p**2 - 27*p. Calculate d(-8).
17
Let r(g) be the first derivative of -g**6/24 - g**4/24 - 2*g**2 + 4. Let s(b) be the second derivative of r(b). Give s(-1).
6
Let n(q) = 3*q**3 + 9*q**2 - q + 3. Let u(o) = 2*o**3 + 8*o**2 - o + 2. Let g(p) = -3*n(p) + 4*u(p). Give g(5).
-6
Let v be 0 + (4 - 3) + -3. Let f(x) = -x**2 + 3*x + 3. Calculate f(v).
-7
Let k(b) = 2*b + 14 - b - 14. Let m(h) be the third derivative of 3*h**4/8 - h**3/6 - h**2. Let y(v) = 5*k(v) - m(v). Give y(-1).
5
Suppose -2*s = -3*q + 16, -3*q + s + 21 = 4*s. Let m(a) = -a + 5. Calculate m(q).
-1
Suppose 2*y - 2*l = 6*y - 12, 3*l - 10 = -2*y. Let j(r) be the third derivative of -r**5/60 + r**4/8 - r**3/3 + r**2. Calculate j(y).
0
Let u(w) = -1 - 3*w**2 + 2*w - 2*w - w**2 + w**3. Give u(2).
-9
Let h(l) be the first derivative of l**5/60 + l**4/24 + l**3/6 + 2*l**2 - 5. Let p(b) be the second derivative of h(b). Determine p(2).
7
Suppose -2*p - 2 = -v - 3*p, 4*v - 4*p - 8 = 0. Let m(z) = 3*z + 161 - 156 + z**v - 11*z. What is m(7)?
-2
Let n(z) = -z**2 + 8*z - 1. Let r(p) = p**3 + 11*p**2 + 10*p + 7. Let q be r(-10). Give n(q).
6
Suppose 2*f + 5 = f + 4*l, -11 = -5*f + 2*l. Let n(x) = -3*x**f + 2*x**3 - 3 + x + 4*x**2 + 2*x**3. Let g = -6 + 3. What is n(g)?
3
Let w = 3 + 0. Let k(l) = -l**2 - l + 4. Determine k(w).
-8
Let n(c) = -c**2 - 8*c + 13. Let o be n(-9). Suppose 5*p - 4*y = 2 - 17, o*y = 0. Let w(s) = s**2 + 3*s + 4. Calculate w(p).
4
Let m(p) = 15*p + 11. Let d(g) = -10*g - 7. Let x(h) = -8*d(h) - 5*m(h). Determine x(-1).
-4
Let k(a) be the second derivative of a**4/12 - 5*a**3/6 - 2*a**2 - a. Let b be k(6). Let d(l) = 7 - b - l**2 - 2 - 5*l + 1. What is d(-5)?
4
Suppose 2 = 4*n - 22. Let r(a) = 4*a**2 - n - 2*a**2 - 4*a - a**2. Calculate r(6).
6
Let k(a) = -a**2 + 7*a - 4. Suppose 13 = 4*q - 7. Suppose -q*f = -j - 0*j - 30, 2*f - 5 = -j. Determine k(f).
6
Let s(g) = g**3 - 3*g**2 - 4*g - 5. Let f(c) = 7*c + 11. Let x(y) = -6*y - 10. Let u(j) = 4*f(j) + 5*x(j). Let a be u(-5). Calculate s(a).
-5
Let x(y) = -y - 3*y**2 + 0*y - y**2. Let n be 24/(-4) - -1 - -6. Determine x(n).
-5
Let z(f) = -f**2 + 6*f - 1. Let u(k) = -k**2. Let m(r) = -2*u(r) + z(r). Determine m(-4).
-9
Let w(n) be the third derivative of -n**4/8 - n**3/2 + 83*n**2 + n. Let l(y) = 2*y - 1. Let z be l(-2). Determine w(z).
12
Suppose 4*h + 4*r - 8 = -0*h, 4*r = -8. Let w(u) = 0*u + h + u + 3*u + u**2 + u. Give w(-4).
0
Let p(h) = -2*h**2 + 17*h + 5. Let y(b) = -b**2 + 6*b + 2. Let a(o) = -4*p(o) + 11*y(o). What is a(-2)?
-6
Suppose -4*z + 3*w = 4, 0 = -z - z - 4*w - 2. Let u(n) = n**3 + 5*n**3 - 7*n + 8*n. Calculate u(z).
-7
Let c(f) be the second derivative of f**5/20 - f**4/3 + f**3/6 - 5*f**2/2 - 8*f. What is c(4)?
-1
Let t(j) = 5*j**3 - j**2 - 4*j. Let p(r) = r**3 - r**2 - 1. Suppose 0*k = -2*k + 2. Let x(u) = k*t(u) - 6*p(u). Calculate x(4).
6
Let g(j) = -j**3 - 6*j**2 - 5*j - 1. Suppose f + 4*t = 15, -2*f + 5*t - 28 = 7. Let x be g(f). Let u(r) = r. Determine u(x).
-1
Let p(u) be the first derivative of u**5/60 + u**4/6 + 2*u**3/3 - 2*u**2 + 9. Let w(r) be the second derivative of p(r). Determine w(-3).
1
Let h(r) = -r**3 + 2*r**2 + 2*r + 2. Suppose 0 = 3*z + 2*z - 4*q + 1, q = -z + 7. What is h(z)?
-1
Let w(c) = -c**3 - 4*c**2 + 6*c. Let j(v) = v**3 + 7*v**2 - 5. Let h be j(-7). Let r be w(h). Let n(x) = x**3 + 4*x**2 - 6*x + 4. Calculate n(r).
9
Let i be 2 + (4 - 23 - -2). Let r = -18 - i. Let c(j) = j**2 + 4*j. What is c(r)?
-3
Suppose -5 = -o - 0*o - 2*y, -o = -2*y - 1. Let t(j) = j - 10. Let r(b) = b - 9. Let p(h) = 6*r(h) - 5*t(h). Give p(o).
-1
Let d(o) = -2*o**3 - 3*o - 9. Let g(b) = b**3 + 2*b + 9. Let k = 11 - 9. Let s(m) = k*d(m) + 3*g(m). Calculate s(0).
9
Let g = 10 - 14. Let h be ((-12)/9)/(g/6). Suppose 5*y = -3*w + 21, h*w + 3*y - 7 = 3*w. Let n(a) = -3*a**2 + 2*a - 3. What is n(w)?
-11
Let o(m) = -m**2 - m + 3. Suppose -x + 1 = -6. Let y = 3 - x. What is o(y)?
-9
Let z(w) be the first derivative of 1/3*w**3 + 2*w**2 + 3*w - 3. Calculate z(-4).
3
Let b(f) = 9*f**2 + 0*f + 21 + 0*f - 20. Determine b(-1).
10
Let b(m) = -m**3 - 4*m**2 + 7*m + 5. Let j = -19 - -47. Suppose j = -5*w + 3. Calculate b(w).
-5
Let l(q) = q**2 + q - 4. Let c = 11 - 21. Let o be (-44)/c + (-4)/10. Suppose x + 2*h + o = 0, 4*x = 3*h - 7*h - 8. What is l(x)?
-4
Let y(w) = 4*w + w**3 + 0*w + 0*w**2 - 1 - 6*w**2. Determine y(6).
23
Let v(z) = z - 4. Let n be (4/(-3))/(-4)*-3. Let x be (0 - (n + 0)) + 3. Give v(x).
0
Let q(r) be the first derivative of -r**2/2 + 4*r + 3. Determine q(-3).
7
Let v(k) = 5 - 6 + k - 2*k. Let a(o) = -o**2 + 3*o + 3. Let b be a(3). Suppose -6 = -m + b*m. What is v(m)?
2
Let h(q) be the second derivative of -q**5/20 + 2*q**4/3 - 5*q**3/6 - 4*q**2 + 27*q. Calculate h(7).
6
Let y(b) = 0 - 2 - 3*b**2 + 4*b**2 + 6*b - 1. What is y(-6)?
-3
Let g(d) = -10*d**2 + 6*d**2 + 0*d**3 + d**3 - 34*d + 29*d. Let a = 37 + -21. Suppose -3*q - y + a - 4 = 0, 0 = -5*y - 15. Give g(q).
0
Suppose 4*y + 1 = y - c, 3*c = -2*y - 3. Let r(q) be the third derivative of y + 1/12*q**4 + 1/3*q**3 - 1/60*q**5 + 0*q - q**2. Calculate r(3).
